f p?
2, 5, 89
Suppose 14*y = 3*y + 19921. Suppose 0 = -3*v + 4*w + y - 606, -4*w - 2003 = -5*v. List the prime factors of v.
3, 7, 19
Suppose -5*s = -8*s + 2*c - 363, -s + 5*c = 108. Let d = 198 + s. What are the prime factors of d?
3, 5
Let f(k) be the first derivative of -k**5/60 + 9*k**4/8 - 16*k**3/3 + 9*k**2/2 - 22. Let s(g) be the second derivative of f(g). List the prime factors of s(17).
2, 3, 23
Let l be -1 + (-27219)/(-45) + 36/270. Let h = -552 + l. What are the prime factors of h?
2, 13
Suppose -4997 = -0*y - 2*y + 5*u, -4*y = -2*u - 10018. Suppose -811 = 5*q - y. Suppose 3*n - q = -0*n. List the prime factors of n.
113
Let q be (-4)/3*1/(3/(-81)). Suppose q*v - 31*v - 15 = 0. Suppose -307 = -5*r - 3*s, -r - v*r + 252 = 4*s. List the prime factors of r.
59
Let l be 535/10 + 6/12. Let j(x) = 2*x**3 - 109*x**2 + 75*x - 77. What are the prime factors of j(l)?
7, 151
Suppose 32797 + 3183 = 7*y. Suppose y - 1899 = 2*s - 3*j, 4*j - 1604 = -s. What are the prime factors of 1/((-12)/(-16) - 1196/s)?
101
Suppose 2*r + 11*j = 9*j + 452, j + 1154 = 5*r. What are the prime factors of r?
2, 5, 23
Let h = -476 + 5786. List the prime factors of h.
2, 3, 5, 59
Let i = -27 + 31. Suppose 0 = l, -i*p + 8 = l + l. Suppose -p*u - u - 12 = 0, 2*b - 4*u = 232. What are the prime factors of b?
2, 3
Let r(x) = 14*x**2 + 6*x + 28. Let p be r(-4). Suppose 84 = 231*z - p*z. List the prime factors of z.
2, 7
Let z = 241 + -235. List the prime factors of z/(-21) - (-38974)/91.
2, 107
Let a(t) = 456*t + 12612. What are the prime factors of a(0)?
2, 3, 1051
Let c = -15 + 20. Suppose -4*n + 5*d + 139 = 0, 0 = 5*n - 8*n + c*d + 103. List the prime factors of n.
2, 3
Suppose 3*x - 12014 = 29818. Suppose x = 9*o + 5*o. List the prime factors of o.
2, 3, 83
Let x(h) = 32*h**3 - 5*h + 96. List the prime factors of x(6).
2, 3, 1163
Suppose -3*m - j + 135244 = 0, -4*m + 552*j - 555*j + 180312 = 0. List the prime factors of m.
2, 3, 13, 17
Let d(j) = 181*j**3 - 3*j**2 - j + 3. Let h be d(1). Suppose z + 114 = 4*i - 249, -2*i + 2*z = -h. What are the prime factors of i?
7, 13
Let g(b) = 2*b - 7. Let l be g(-2). Let a = l - -5. List the prime factors of (1409/a)/(-1) + (-1)/(-6).
5, 47
Suppose -18*f = -15*f - 6. Let w be (f/6*4)/((-12)/(-36)). Suppose -w*x = -0*x - 540. What are the prime factors of x?
3, 5
Let v(p) = 12*p + 24. Let m be v(-3). List the prime factors of ((-10)/(-15))/((-8)/m) + 193.
2, 97
What are the prime factors of ((-16182)/(-8))/((-375)/(-1000))?
2, 3, 29, 31
Let h = -19 - -24. Suppose -8*l = -5*l + h*o - 489, -2*l = 5*o - 331. List the prime factors of l.
2, 79
Let i be (30028/12 - -4)*(-1 - -4). Suppose 10*u - i - 4901 = 0. What are the prime factors of u?
2, 3, 23
Let z = 596 - 588. Suppose 7692 = 4*r + z*r. List the prime factors of r.
641
Let c = -48 - -34. Let v be (-2415)/c - 2*(-3)/(-12). Suppose -r - v = -3*r. What are the prime factors of r?
2, 43
List the prime factors of (-3 - 2) + 2 + (3 + -2)*31846.
7, 4549
Let c = 24563 - 17216. List the prime factors of c.
3, 31, 79
Let c(y) = -33*y**3 - 2*y**2 + 5*y + 140. List the prime factors of c(-7).
2, 7, 809
Let i be 2*(4 + -3) + (12 - 7). Suppose 0 = -i*o + 4*o + 147. List the prime factors of o.
7
Suppose 3*m - 16 = -m, 2*m + 127 = 3*q. Suppose 5*f = 5 - q. List the prime factors of f/12 + 173/3.
3, 19
List the prime factors of (25565/10)/((-49)/(-6) + -8).
3, 5113
Let a(v) = 5*v**3 + 7*v**2 - 40*v + 591. List the prime factors of a(13).
12239
Let i = 641 + -405. Suppose 22*r = 23*r - i. List the prime factors of r.
2, 59
Suppose 8*k - 3*k - 20 = 0, 0 = -4*u + 2*k + 8. Let m be (6/21)/((u/7)/4). Let z(j) = 63*j - 1. List the prime factors of z(m).
5
Let o(v) = -v + 11. Let g be o(6). Suppose -h = s + 40, -g*h + 124 = -5*s + s. List the prime factors of 9/(s/(-8)) + 41.
43
Suppose 35 + 6 = 2*v + o, -5*v + 122 = -4*o. Suppose 3*p + 23 = -v. List the prime factors of -3 - 1955/p - (-2)/(-6).
127
Let q(r) = -r**3 - 8*r**2 - r + 9. Let u be q(-8). Suppose -u*g + 14*g + 720 = 0. Let t = g - 126. What are the prime factors of t?
2, 3, 19
Let h be (-2 + -17 + 2)/(5/265). Let k = h - -1296. List the prime factors of k.
5, 79
What are the prime factors of ((-10820)/1)/(25 + 2540/(-100))?
2, 5, 541
Suppose -3254 = 8*n - 12*n - 3*k, -n + 2*k = -808. Let c = 1877 - n. What are the prime factors of c?
3, 5, 71
Suppose 58813 = 9*q + 7659 - 55244. What are the prime factors of q?
2, 23, 257
Let f(d) = -1114*d - 6808. List the prime factors of f(-39).
2, 7, 2617
Suppose 21*y + 466599 = 1743399. List the prime factors of y.
2, 5, 19
Suppose 0 = 3*p - 2*j - 541, 3*p - 158 - 395 = -j. Suppose -4*f + 3*f = -122. Let g = p - f. What are the prime factors of g?
61
Let j be ((-27)/3)/(2/(-6)). Let s be (-220)/(-35) + (-4)/14. Let f = j - s. List the prime factors of f.
3, 7
Suppose -131*t + 121*t = -149030. List the prime factors of t.
7, 2129
Suppose 31 = 6*h + 31. List the prime factors of 138/(-9)*(h - (-138)/(-4)).
23
Suppose -283*u = -54*u + 41*u - 16058790. What are the prime factors of u?
11, 5407
Suppose 836738 = 46*d + 13*d. What are the prime factors of d?
2, 7, 1013
Let c = -5713 + 12676. List the prime factors of c.
3, 11, 211
Suppose -359170 = -32*q + 168702. What are the prime factors of q?
2, 1031
Suppose -5*d + 3288 = 2*n, -d + 3*n + 654 = 7*n. Let a = d - 164. What are the prime factors of a?
2, 13, 19
Let r(y) = -4*y**2 - 38*y + 12. Let k be r(-8). Suppose k*z = 92595 + 4845. List the prime factors of z.
2, 7, 29
Let s = 12859 - 6439. List the prime factors of s.
2, 3, 5, 107
Suppose 3*h - 4 + 10 = 0. List the prime factors of (4235/28)/(h/(-8)).
5, 11
Suppose f - 5*f + 24 = 0, -5*m + 34728 = 3*f. List the prime factors of m.
2, 3, 13, 89
Let h(w) = 18*w**2 - 6*w - 8. Let y be h(-1). Suppose -y*o - 429 + 13005 = 0. What are the prime factors of o?
2, 3, 131
Let u = -303 - -330. List the prime factors of (-5)/((16/(-128))/(u/2)).
2, 3, 5
Suppose 3*j - 9656 = -4*h, j - 3224 = 74*h - 78*h. Suppose -j = 83*n - 86*n. What are the prime factors of n?
2, 67
Let k(d) = -96*d - 43 - 21 - 259*d + 8. What are the prime factors of k(-1)?
13, 23
Suppose 3*s - 4*k - 149 = -2*s, 0 = 2*s + k - 57. Let a = 1079 - 867. Suppose -a = 25*b - s*b. List the prime factors of b.
53
Suppose -2*t = r - 5585, 3*t - 8380 = -10*r + 8*r. Suppose -t = -13*v + 10*v. List the prime factors of v.
2, 3, 5, 31
Suppose 48*j = 18*j + 410940. List the prime factors of j.
2, 3, 761
Let r = -6 + 13. Suppose r*g = 10*g - 759. Suppose 4*y - 679 = g. List the prime factors of y.
233
Let y be 6/(-4)*(1810/3 + 6). Let l = y + 1745. List the prime factors of l.
3, 277
Let q(p) = 3*p**2 + 105*p + 270. What are the prime factors of q(-109)?
2, 3, 2039
Let u be (-1 - -4)*(-32)/2. Let d = u - -160. Suppose -w + d + 28 = v, 5*w - 684 = 3*v. List the prime factors of w.
2, 3, 23
Let x be 5/(-45)*3*-513. Let c = 119 + x. What are the prime factors of c?
2, 5, 29
Let i be 9/(-2)*(-16)/(-12). What are the prime factors of ((-269)/i + 2/3)*42?
3, 7, 13
Suppose -4*i + 13*i = 12501. List the prime factors of i.
3, 463
Suppose -b + 6*b - 47088 = -2*d, -18835 = -2*b - d. List the prime factors of b.
2, 17, 277
Suppose 0 = -11*u + 1378 + 5222. Let v = 1215 - u. What are the prime factors of v?
3, 5, 41
Let w(c) = 50*c - 5 - 23*c - 11*c + c**2 + 135*c**3 - 13*c. List the prime factors of w(2).
5, 7, 31
Let v be 26/(-26) + (0 - (2 - 8)). List the prime factors of -215*((-2)/3 - v/15).
5, 43
Suppose m + 3*j = -879, -5*m = 11*j - 14*j + 4323. What are the prime factors of (3*m/9)/(-1)?
17
Suppose -49384 - 72478 + 25608 = -17*s. List the prime factors of s.
2, 19, 149
Suppose 0 = 8*k + 54 + 10. Let q(x) = -30*x - 18. Let s be q(k). Suppose -8*y + 6*y = -s. What are the prime factors of y?
3, 37
Let j = -14 - -42. Suppose -24*h - 8 = -j*h. Suppose 0 = -2*b - 4*t + 296, -h*b + 4*t + 312 = -0*t. What are the prime factors of b?
2, 19
Let k be 13/((-39)/(-12)) + 8. List the prime factors of (1 + (-1 - 6/k))*-634.
317
Let k be -1 + 8/2 + -3. Suppose -4*n - 23 = 97. Let x = k - n. List the prime factors of x.
2, 3, 5
What are the prime factors of 118/(-8)*((-118269)/135 + (-5)/(-75))?
3, 59, 73
Let v = 27451 + -11939. What are the prime factors of v?
2, 7, 277
Let c(